5736515 prime?
False
Is 226977849467 a prime number?
False
Is 1198583599 a composite number?
False
Is 1129339139 composite?
False
Is 5015571879 prime?
False
Is 7759810211 composite?
False
Is 5436324955 prime?
False
Is 313711903 a composite number?
False
Is 10058514383 a composite number?
False
Is 149685852515 a prime number?
False
Is 19820954441 prime?
True
Is 120101748233 a composite number?
True
Is 925021579 composite?
False
Is 3074249387 a prime number?
False
Is 114605497 prime?
False
Is 70571424487 a composite number?
False
Is 64235185003 prime?
False
Is 21407540503 prime?
True
Is 287578849 a composite number?
False
Is 32703710159 composite?
True
Is 27238297081 prime?
True
Is 90195745 a composite number?
True
Is 413031781 composite?
True
Is 33458535131 composite?
True
Is 1396091597 composite?
False
Is 7649562197 composite?
False
Is 455591701 composite?
True
Is 1906110613 composite?
True
Is 2427372869 prime?
True
Is 17954026177 a composite number?
False
Is 285482339 prime?
True
Is 7822472027 a composite number?
True
Is 1558683949 a composite number?
False
Is 6752726029 a composite number?
True
Is 10101704989 composite?
False
Is 24262074587 prime?
True
Is 207638557 a composite number?
True
Is 6819357131 composite?
True
Is 20721280913 composite?
False
Is 44970383 a prime number?
True
Is 38196673 prime?
True
Is 3281106671 a composite number?
False
Is 11903592763 a composite number?
True
Is 4014591289 a prime number?
False
Is 75471841883 a prime number?
True
Is 1197119843 composite?
False
Is 5436459883 prime?
False
Is 2943712747 a composite number?
False
Is 504805009 a prime number?
True
Is 8036093927 prime?
True
Is 2924068943 prime?
False
Is 551961539 a prime number?
False
Is 420243353 a prime number?
False
Is 161204279 a composite number?
False
Is 3196751437 a prime number?
False
Is 468676567 composite?
False
Is 640531027 composite?
False
Is 1920954881 a prime number?
True
Is 788069762 composite?
True
Is 187976413 prime?
True
Is 739901887 a composite number?
False
Is 18050196727 a composite number?
False
Is 55792767781 composite?
True
Is 9039986887 composite?
True
Is 21476617207 a composite number?
True
Is 320899573 a composite number?
False
Is 312813251 prime?
False
Is 3151539473 prime?
True
Is 1799931449 a composite number?
False
Is 27032019787 composite?
True
Is 3322386733 composite?
True
Is 337091239 prime?
True
Is 76082194477 a composite number?
True
Is 432690521 a prime number?
True
Is 12401527811 prime?
False
Is 686861293 a composite number?
False
Is 4842066797 a composite number?
True
Is 60545808185 prime?
False
Is 22385220681 a prime number?
False
Is 25460305967 prime?
True
Is 497184783 prime?
False
Is 39240847949 composite?
True
Is 128693093 a prime number?
True
Is 5476824553 composite?
True
Is 33458948015 a prime number?
False
Is 69796587403 composite?
False
Is 4781370639 a composite number?
True
Is 142893523 a prime number?
True
Is 3262235 composite?
True
Is 4776404251 composite?
True
Is 1626204103 prime?
False
Is 1964413901 a prime number?
True
Is 132400238 prime?
False
Is 14071834223 composite?
False
Is 1860494663 a composite number?
False
Is 235097489557 a prime number?
False
Is 31437143363 composite?
False
Is 116827849 a prime number?
True
Is 51836180421 prime?
False
Is 55991873 composite?
True
Is 8993335243 prime?
True
Is 327796349 composite?
False
Is 141113657 a composite number?
False
Is 88032241 a composite number?
True
Is 697821077 a prime number?
True
Is 74091927346 prime?
False
Is 1263902111 a composite number?
True
Is 219835223 prime?
True
Is 18008442443 a composite number?
False
Is 43115174783 composite?
True
Is 15774758381 a composite number?
False
Is 35323116091 composite?
False
Is 246808429 a prime number?
False
Is 29229676429 a prime number?
True
Is 10280256461 a prime number?
True
Is 76854979 a composite number?
False
Is 8852616359 prime?
False
Is 626696267 a composite number?
False
Is 1336187849 a composite number?
False
Is 343521803 composite?
False
Is 1051180939 a prime number?
False
Is 1280369963 prime?
False
Is 260204509 a prime number?
True
Is 2276414449 prime?
False
Is 435265879 prime?
True
Is 1419905491 a prime number?
True
Is 253341791 prime?
True
Is 12514409 composite?
False
Is 9835056713 a composite number?
False
Is 2312548649 a prime number?
False
Is 1791825249 a prime number?
False
Is 5452564643 composite?
False
Is 294817801 a composite number?
True
Is 237878659 prime?
True
Is 1861090499 prime?
True
Is 59510981323 a prime number?
True
Is 2112908267 prime?
True
Is 110546597827 a composite number?
True
Is 9021277651 a prime number?
True
Is 2027969533 composite?
False
Is 4276561309 a prime number?
False
Is 1189191578 a prime number?
False
Is 85334521 prime?
False
Is 143931383929 prime?
False
Is 455331619 prime?
True
Is 365365981 a composite number?
False
Is 5986928977 prime?
True
Is 4189211843 composite?
False
Is 214953581 composite?
True
Is 1798337921 a prime number?
True
Is 38850828853 composite?
False
Is 13991268955 a composite number?
True
Is 776024141 a composite number?
False
Is 12879213713 composite?
False
Is 94291073 a prime number?
False
Is 4274678549 a composite number?
False
Is 141163507 a composite number?
False
Is 28849799989 a composite number?
False
Is 721276687 composite?
True
Is 234029201 prime?
False
Is 3822975847 a prime number?
False
Is 2776758469 prime?
False
Is 6833737369 a prime number?
True
Is 31283938433 a prime number?
False
Is 6584741549 a prime number?
False
Is 310833907 composite?
False
Is 835349039 a composite number?
True
Is 2696081039 a prime number?
True
Is 3131481983 composite?
True
Is 129846835537 a prime number?
False
Is 3122997233 a prime number?
False
Is 4590177367 composite?
True
Is 35965519 composite?
False
Is 2796443627 a prime number?
False
Is 5610179119 composite?
True
Is 947020559 prime?
True
Is 642568559 composite?
False
Is 2507246167 a prime number?
True
Is 23582475193 a composite number?
True
Is 19353415511 a composite number?
False
Is 326929637 composite?
True
Is 104496675853 a composite number?
True
Is 2688257221 composite?
True
Is 619537297 composite?
True
Is 3381629453 a composite number?
False
Is 11263545691 a prime number?
False
Is 2743278639 a prime number?
False
Is 2916561239 composite?
True
Is 332513147443 a composite number?
False
Is 3017215009 a prime number?
True
Is 8961191143 composite?
True
Is 2246572649 a prime number?
True
Is 1146797233 prime?
False
Is 130323011219 a composite number?
False
Is 4746956237 prime?
True
Is 167766274589 prime?
True
Is 80778417373 composite?
False
Is 15675355595 composite?
True
Is 683817373 a prime number?
True
Is 11331297391 a prime number?
False
Is 8824670851 prime?
False
Is 5661767387 composite?
True
Is 4301316011 composite?
True
Is 253070501 a prime number?
False
Is 29794332187 a composite number?
False
Is 1901163062 a composite number?
True
Is 22237010437 composite?
False
Is 2578871489 prime?
False
Is 16884363731 a prime number?
False
Is 1446973793 prime?
True
Is 10305276119 composite?
False
Is 556226581 composite?
False
Is 30410130037 prime?
False
Is 9841769521 prime?
True
Is 2148359251 a prime number?
False
Is 18950036483 composite?
True
Is 1175975029 prime?
False
Is 243678877 prime?
False
Is 94119061753 a composite number?
False
Is 17455915487 prime?
True
Is 2217684011 composite?
True
Is 5785842851 prime?
True
Is 200663768813 prime?
True
Is 25489601099 a prime number?
True
Is 9408931373 a composite number?
False
Is 2825428889 prime?
True
Is 7501340123 a composite number?
False
Is 2653253677 prime?
True
Is 1258334551 composite?
False
Is 545274143 a prime number?
False
Is 1370872967 a composite number?
True
Is 60736060597 composite?
True
Is 61606706207 a composite number?
False
Is 21621874057 prime?
False
Is 1179390899 prime?
True
Is 7685298059 prime?
True
Is 16123851641 a prime number?
True
Is 1712676451 a composite number?
False
Is 2044883545 composite?
True
Is 194723887 a prime number?
True
Is 18389317103 a prime number?
True
Is 5211321859 composite?
False
Is 1449128845 composite?
True
Is 286904278519 composite?
False
Is 273444737 prime?
True
Is 6220615073 a composite number?
False
Is 79514119471 a prime number?
True
Is 177187790029 prime?
True
Is 5645572159 a composite number?
False
Is 47545209641 a